{"id":15,"date":"2025-08-16T23:55:14","date_gmt":"2025-08-16T21:55:14","guid":{"rendered":"https:\/\/jsg.svujo.de\/?page_id=15"},"modified":"2025-08-27T21:15:48","modified_gmt":"2025-08-27T19:15:48","slug":"homepage","status":"publish","type":"page","link":"https:\/\/jsg.svujo.de\/","title":{"rendered":"Homepage"},"content":{"rendered":"\n<div id=\"news\" class=\"wp-block-group has-global-padding is-layout-constrained wp-block-group-is-layout-constrained\">\n<p class=\"has-text-align-left has-secondary-color has-text-color\">NEUIGKEITEN<\/p>\n\n\n\n<h2 class=\"wp-block-heading has-text-align-left\">Latest News<\/h2>\n\n\n\n<div style=\"height:33px\" aria-hidden=\"true\" class=\"wp-block-spacer\"><\/div>\n\n\n\n<div class=\"wp-block-query is-layout-flow wp-block-query-is-layout-flow\"><ul class=\"columns-3 wp-block-post-template is-layout-grid wp-container-core-post-template-is-layout-41213226 wp-block-post-template-is-layout-grid\"><li class=\"wp-block-post post-85 post type-post status-publish format-standard has-post-thumbnail hentry category-allgemein\">\n<figure style=\"width:100%;height:240px; margin-bottom:var(--wp--preset--spacing--x-small);\" class=\"wp-block-post-featured-image\"><a href=\"https:\/\/jsg.svujo.de\/?p=85\" target=\"_self\"  style=\"height:240px\"><img loading=\"lazy\" decoding=\"async\" width=\"1024\" height=\"1024\" src=\"https:\/\/jsg.svujo.de\/wp-content\/uploads\/2025\/08\/JSG_DFB.png\" class=\"attachment-post-thumbnail size-post-thumbnail wp-post-image\" alt=\"DFB-Abzeichen\" style=\"border-radius:5px;height:240px;object-fit:cover;\" srcset=\"https:\/\/jsg.svujo.de\/wp-content\/uploads\/2025\/08\/JSG_DFB.png 1024w, https:\/\/jsg.svujo.de\/wp-content\/uploads\/2025\/08\/JSG_DFB-300x300.png 300w, https:\/\/jsg.svujo.de\/wp-content\/uploads\/2025\/08\/JSG_DFB-150x150.png 150w\" sizes=\"auto, 100vw\" \/><\/a><\/figure>\n\n<div style=\"margin-top:0;margin-bottom:0;\" class=\"has-link-color wp-elements-a1817b6b9e4eaefd5826fde68b0a8fdb wp-block-post-date has-text-color has-tertiary-color\"><time datetime=\"2025-08-24T17:17:20+02:00\">24 August, 2025<\/time><\/div>\n\n<h3 style=\"margin-top:0;margin-bottom:var(--wp--preset--spacing--x-small);\" class=\"has-link-color wp-elements-2e75b4e4fab489cf445e03eda13279d1 wp-block-post-title\"><a href=\"https:\/\/jsg.svujo.de\/?p=85\" target=\"_self\" >DFB-Abzeichen<\/a><\/h3>\n\n<div class=\"has-link-color wp-elements-61eeeb1d6c31f3761cb8bc35b6e1a095 wp-block-post-excerpt has-text-color has-tertiary-color\"><p class=\"wp-block-post-excerpt__excerpt\">Lorem ipsum dolor sit amet, consetetur sadipscing elitr, sed diam nonumy eirmod tempor invidunt ut labore et dolore magna aliquyam erat, sed diam voluptua. At vero eos et accusam et &hellip; Mehr \u00fcber &#8222;DFB-Abzeichen&#8220; Lesen <\/p><\/div>\n\n<a style=\"text-transform:uppercase; border-width:2px; padding-right:var(--wp--preset--spacing--x-small);padding-left:var(--wp--preset--spacing--x-small);padding-top:10px;padding-bottom:10px;\" class=\"wp-block-read-more has-text-color has-foreground-color\" href=\"https:\/\/jsg.svujo.de\/?p=85\" target=\"_self\">Weiterlesen<span class=\"screen-reader-text\">: DFB-Abzeichen<\/span><\/a>\n<\/li><li class=\"wp-block-post post-83 post type-post status-publish format-standard has-post-thumbnail hentry category-allgemein\">\n<figure style=\"width:100%;height:240px; margin-bottom:var(--wp--preset--spacing--x-small);\" class=\"wp-block-post-featured-image\"><a href=\"https:\/\/jsg.svujo.de\/?p=83\" target=\"_self\"  style=\"height:240px\"><img loading=\"lazy\" decoding=\"async\" width=\"1536\" height=\"1024\" src=\"https:\/\/jsg.svujo.de\/wp-content\/uploads\/2025\/08\/jsg_fCamp.png\" class=\"attachment-post-thumbnail size-post-thumbnail wp-post-image\" alt=\"Mini WM\" style=\"border-radius:5px;height:240px;object-fit:cover;\" srcset=\"https:\/\/jsg.svujo.de\/wp-content\/uploads\/2025\/08\/jsg_fCamp.png 1536w, https:\/\/jsg.svujo.de\/wp-content\/uploads\/2025\/08\/jsg_fCamp-300x200.png 300w, https:\/\/jsg.svujo.de\/wp-content\/uploads\/2025\/08\/jsg_fCamp-1024x683.png 1024w\" sizes=\"auto, 100vw\" \/><\/a><\/figure>\n\n<div style=\"margin-top:0;margin-bottom:0;\" class=\"has-link-color wp-elements-a1817b6b9e4eaefd5826fde68b0a8fdb wp-block-post-date has-text-color has-tertiary-color\"><time datetime=\"2025-08-24T17:09:29+02:00\">24 August, 2025<\/time><\/div>\n\n<h3 style=\"margin-top:0;margin-bottom:var(--wp--preset--spacing--x-small);\" class=\"has-link-color wp-elements-2e75b4e4fab489cf445e03eda13279d1 wp-block-post-title\"><a href=\"https:\/\/jsg.svujo.de\/?p=83\" target=\"_self\" >Mini WM<\/a><\/h3>\n\n<div class=\"has-link-color wp-elements-61eeeb1d6c31f3761cb8bc35b6e1a095 wp-block-post-excerpt has-text-color has-tertiary-color\"><p class=\"wp-block-post-excerpt__excerpt\">Am kommenden Samstag steigt unsere Mini-Weltmeisterschaft in Rinnen! Ab 10:00 Uhr kicken unsere Nachwuchsteams im Turniermodus um den Titel \u2013 mit kurzen, spannenden Spielen, fair play und ganz viel Spa\u00df. &hellip; Mehr \u00fcber &#8222;Mini WM&#8220; Lesen <\/p><\/div>\n\n<a style=\"text-transform:uppercase; border-width:2px; padding-right:var(--wp--preset--spacing--x-small);padding-left:var(--wp--preset--spacing--x-small);padding-top:10px;padding-bottom:10px;\" class=\"wp-block-read-more has-text-color has-foreground-color\" href=\"https:\/\/jsg.svujo.de\/?p=83\" target=\"_self\">Weiterlesen<span class=\"screen-reader-text\">: Mini WM<\/span><\/a>\n<\/li><li class=\"wp-block-post post-1 post type-post status-publish format-standard has-post-thumbnail hentry category-allgemein\">\n<figure style=\"width:100%;height:240px; margin-bottom:var(--wp--preset--spacing--x-small);\" class=\"wp-block-post-featured-image\"><a href=\"https:\/\/jsg.svujo.de\/?p=1\" target=\"_self\"  style=\"height:240px\"><img loading=\"lazy\" decoding=\"async\" width=\"2200\" height=\"1468\" src=\"https:\/\/jsg.svujo.de\/wp-content\/uploads\/2025\/08\/StockSnap_6O7JXC5DC5-1.jpg\" class=\"attachment-post-thumbnail size-post-thumbnail wp-post-image\" alt=\"Hallo Welt!\" style=\"border-radius:5px;height:240px;object-fit:cover;\" srcset=\"https:\/\/jsg.svujo.de\/wp-content\/uploads\/2025\/08\/StockSnap_6O7JXC5DC5-1.jpg 2200w, https:\/\/jsg.svujo.de\/wp-content\/uploads\/2025\/08\/StockSnap_6O7JXC5DC5-1-300x200.jpg 300w, https:\/\/jsg.svujo.de\/wp-content\/uploads\/2025\/08\/StockSnap_6O7JXC5DC5-1-1024x683.jpg 1024w, https:\/\/jsg.svujo.de\/wp-content\/uploads\/2025\/08\/StockSnap_6O7JXC5DC5-1-2000x1335.jpg 2000w\" sizes=\"auto, 100vw\" \/><\/a><\/figure>\n\n<div style=\"margin-top:0;margin-bottom:0;\" class=\"has-link-color wp-elements-a1817b6b9e4eaefd5826fde68b0a8fdb wp-block-post-date has-text-color has-tertiary-color\"><time datetime=\"2025-08-16T23:47:34+02:00\">16 August, 2025<\/time><\/div>\n\n<h3 style=\"margin-top:0;margin-bottom:var(--wp--preset--spacing--x-small);\" class=\"has-link-color wp-elements-2e75b4e4fab489cf445e03eda13279d1 wp-block-post-title\"><a href=\"https:\/\/jsg.svujo.de\/?p=1\" target=\"_self\" >Hallo Welt!<\/a><\/h3>\n\n<div class=\"has-link-color wp-elements-61eeeb1d6c31f3761cb8bc35b6e1a095 wp-block-post-excerpt has-text-color has-tertiary-color\"><p class=\"wp-block-post-excerpt__excerpt\">Willkommen bei WordPress. Dies ist dein erster Beitrag. Bearbeite oder l\u00f6sche ihn und beginne mit dem Schreiben! <\/p><\/div>\n\n<a style=\"text-transform:uppercase; border-width:2px; padding-right:var(--wp--preset--spacing--x-small);padding-left:var(--wp--preset--spacing--x-small);padding-top:10px;padding-bottom:10px;\" class=\"wp-block-read-more has-text-color has-foreground-color\" href=\"https:\/\/jsg.svujo.de\/?p=1\" target=\"_self\">Weiterlesen<span class=\"screen-reader-text\">: Hallo Welt!<\/span><\/a>\n<\/li><\/ul>\n\n<\/div>\n\n\n\n<div style=\"height:85px\" aria-hidden=\"true\" class=\"wp-block-spacer\"><\/div>\n<\/div>\n\n\n\n<div id=\"services\" class=\"wp-block-group alignfull pattern_multiple_covers has-background has-global-padding is-layout-constrained wp-block-group-is-layout-constrained\">\n<p class=\"has-text-align-left has-secondary-color has-text-color\" style=\"letter-spacing:1px\">#LEIDENSCHAFT FUSSBALL<\/p>\n\n\n\n<h2 class=\"wp-block-heading has-text-align-left\"><br><strong>Willkommen bei unserer Jugendsportgemeinschaft!<\/strong><\/h2>\n\n\n\n<p class=\"has-text-align-left\"><br>Bei uns steht der Spa\u00df am Fu\u00dfball und das Miteinander im Vordergrund. Unsere Kinder und Jugendlichen trainieren regelm\u00e4\u00dfig und nehmen an spannenden regionalen Spielen teil. Neben den w\u00f6chentlichen Einheiten sorgen Hallenturniere im Winter f\u00fcr Abwechslung. Ein besonderes Highlight ist unser j\u00e4hrliches Fu\u00dfball-Camp, an dem auch Kinder teilnehmen k\u00f6nnen, die nicht im Verein sind \u2013 Fu\u00dfballbegeisterung f\u00fcr alle!<\/p>\n\n\n\n<div style=\"height:46px\" aria-hidden=\"true\" class=\"wp-block-spacer\"><\/div>\n\n\n\n<div class=\"wp-block-columns is-layout-flex wp-container-core-columns-is-layout-28f84493 wp-block-columns-is-layout-flex\">\n<div class=\"wp-block-column is-layout-flow wp-block-column-is-layout-flow\" style=\"padding-top:0;padding-right:0;padding-bottom:0;padding-left:0\">\n<div class=\"wp-block-cover has-custom-content-position is-position-bottom-left\" style=\"padding-top:var(--wp--preset--spacing--small);padding-right:var(--wp--preset--spacing--x-small);padding-bottom:var(--wp--preset--spacing--small);padding-left:var(--wp--preset--spacing--x-small)\"><img loading=\"lazy\" decoding=\"async\" width=\"1024\" height=\"683\" class=\"wp-block-cover__image-background wp-image-57 size-large\" alt=\"\" src=\"https:\/\/jsg.svujo.de\/wp-content\/uploads\/2025\/08\/jsg_training-1024x683.png\" style=\"object-position:66% 50%\" data-object-fit=\"cover\" data-object-position=\"66% 50%\" srcset=\"https:\/\/jsg.svujo.de\/wp-content\/uploads\/2025\/08\/jsg_training-1024x683.png 1024w, https:\/\/jsg.svujo.de\/wp-content\/uploads\/2025\/08\/jsg_training-300x200.png 300w, https:\/\/jsg.svujo.de\/wp-content\/uploads\/2025\/08\/jsg_training.png 1536w\" sizes=\"auto, (max-width: 1024px) 100vw, 1024px\" \/><span aria-hidden=\"true\" class=\"wp-block-cover__background has-primary-background-color has-background-dim-20 has-background-dim\"><\/span><div class=\"wp-block-cover__inner-container is-layout-flow wp-block-cover-is-layout-flow\">\n<h3 class=\"wp-block-heading has-white-color has-text-color has-medium-font-size\" style=\"margin-top:0;margin-right:0;margin-bottom:0;margin-left:0\">Unsere Mannschaften<\/h3>\n\n\n\n<p class=\"has-secondary-color has-text-color has-link-color wp-elements-1346b0a9cf87cb6032f38664252c26eb\" style=\"margin-top:0;margin-right:0;margin-bottom:0;margin-left:0\"><a href=\"#\">Weitere Informationen \u2192<\/a><\/p>\n<\/div><\/div>\n<\/div>\n\n\n\n<div class=\"wp-block-column is-layout-flow wp-block-column-is-layout-flow\" style=\"padding-top:0;padding-right:0;padding-bottom:0;padding-left:0\">\n<div class=\"wp-block-cover has-custom-content-position is-position-bottom-left\" style=\"padding-top:var(--wp--preset--spacing--small);padding-right:var(--wp--preset--spacing--x-small);padding-bottom:var(--wp--preset--spacing--small);padding-left:var(--wp--preset--spacing--x-small)\"><img loading=\"lazy\" decoding=\"async\" width=\"1024\" height=\"683\" class=\"wp-block-cover__image-background wp-image-60 size-large\" alt=\"\" src=\"https:\/\/jsg.svujo.de\/wp-content\/uploads\/2025\/08\/jsg_ht-1024x683.png\" style=\"object-position:31% 65%\" data-object-fit=\"cover\" data-object-position=\"31% 65%\" srcset=\"https:\/\/jsg.svujo.de\/wp-content\/uploads\/2025\/08\/jsg_ht-1024x683.png 1024w, https:\/\/jsg.svujo.de\/wp-content\/uploads\/2025\/08\/jsg_ht-300x200.png 300w, https:\/\/jsg.svujo.de\/wp-content\/uploads\/2025\/08\/jsg_ht.png 1536w\" sizes=\"auto, (max-width: 1024px) 100vw, 1024px\" \/><span aria-hidden=\"true\" class=\"wp-block-cover__background has-primary-background-color has-background-dim-20 has-background-dim\"><\/span><div class=\"wp-block-cover__inner-container is-layout-flow wp-block-cover-is-layout-flow\">\n<h3 class=\"wp-block-heading has-white-color has-text-color has-medium-font-size\" style=\"margin-top:0;margin-right:0;margin-bottom:0;margin-left:0\">Hallen-Cup<\/h3>\n\n\n\n<p class=\"has-secondary-color has-text-color has-link-color wp-elements-1346b0a9cf87cb6032f38664252c26eb\" style=\"margin-top:0;margin-right:0;margin-bottom:0;margin-left:0\"><a href=\"#\">Weitere Informationen \u2192<\/a><\/p>\n<\/div><\/div>\n<\/div>\n\n\n\n<div class=\"wp-block-column is-layout-flow wp-block-column-is-layout-flow\" style=\"padding-top:0;padding-right:0;padding-bottom:0;padding-left:0\">\n<div class=\"wp-block-cover has-custom-content-position is-position-bottom-left\" style=\"padding-top:var(--wp--preset--spacing--small);padding-right:var(--wp--preset--spacing--x-small);padding-bottom:var(--wp--preset--spacing--small);padding-left:var(--wp--preset--spacing--x-small)\"><img loading=\"lazy\" decoding=\"async\" width=\"1024\" height=\"683\" class=\"wp-block-cover__image-background wp-image-59 size-large\" alt=\"\" src=\"https:\/\/jsg.svujo.de\/wp-content\/uploads\/2025\/08\/jsg_fCamp-1024x683.png\" data-object-fit=\"cover\" srcset=\"https:\/\/jsg.svujo.de\/wp-content\/uploads\/2025\/08\/jsg_fCamp-1024x683.png 1024w, https:\/\/jsg.svujo.de\/wp-content\/uploads\/2025\/08\/jsg_fCamp-300x200.png 300w, https:\/\/jsg.svujo.de\/wp-content\/uploads\/2025\/08\/jsg_fCamp.png 1536w\" sizes=\"auto, (max-width: 1024px) 100vw, 1024px\" \/><span aria-hidden=\"true\" class=\"wp-block-cover__background has-primary-background-color has-background-dim-20 has-background-dim\"><\/span><div class=\"wp-block-cover__inner-container is-layout-flow wp-block-cover-is-layout-flow\">\n<h3 class=\"wp-block-heading has-white-color has-text-color has-medium-font-size\" style=\"margin-top:0;margin-right:0;margin-bottom:0;margin-left:0\">Fu\u00dfball-Camp<\/h3>\n\n\n\n<p class=\"has-secondary-color has-text-color has-link-color wp-elements-1346b0a9cf87cb6032f38664252c26eb\" style=\"margin-top:0;margin-right:0;margin-bottom:0;margin-left:0\"><a href=\"#\">Weitere Informationen \u2192<\/a><\/p>\n<\/div><\/div>\n<\/div>\n<\/div>\n<\/div>\n\n\n\n<div style=\"height:100px\" aria-hidden=\"true\" class=\"wp-block-spacer\"><\/div>\n\n\n\n<div class=\"wp-block-cover has-parallax\"><div class=\"wp-block-cover__image-background wp-image-68 size-large has-parallax\" style=\"background-position:50% 50%;background-image:url(https:\/\/jsg.svujo.de\/wp-content\/uploads\/2025\/08\/jsg_feld-1024x683.png)\"><\/div><span aria-hidden=\"true\" class=\"wp-block-cover__background has-background-dim\" style=\"background-color:#616722\"><\/span><div class=\"wp-block-cover__inner-container has-global-padding is-layout-constrained wp-block-cover-is-layout-constrained\">\n<p class=\"has-text-align-center has-large-font-size\">VIER VEREINE &#8211;  EINE LEIDENSCHAFT<\/p>\n\n\n\n<p class=\"has-text-align-center\">Unsere Jugendsportgemeinschaft (JSG) vereint die Nachwuchsarbeit der vier Traditionsvereine SSV Golbach, SV S\u00f6tenich, SV Rinnen und SV Sistig-Krekel, um gemeinsam etwas Gro\u00dfes f\u00fcr den Fu\u00dfballnachwuchs auf die Beine zu stellen.&nbsp;Gemeinsam verfolgen wir das Ziel, Kindern und Jugendlichen aus der Region eine hochwertige fu\u00dfballerische Ausbildung zu bieten \u2013 mit Spa\u00df, Teamgeist und sportlichem Ehrgeiz.<\/p>\n\n\n\n<p class=\"has-text-align-center\">&nbsp;<\/p>\n\n\n\n<div class=\"wp-block-buttons is-content-justification-center is-layout-flex wp-container-core-buttons-is-layout-a89b3969 wp-block-buttons-is-layout-flex\">\n<div class=\"wp-block-button is-style-outline is-style-outline--1\"><a class=\"wp-block-button__link wp-element-button\">Mehr \u00fcber die JSG erfahren<\/a><\/div>\n<\/div>\n<\/div><\/div>\n\n\n\n<div style=\"height:100px\" aria-hidden=\"true\" class=\"wp-block-spacer\"><\/div>\n\n\n\n<div id=\"team\" class=\"wp-block-group has-global-padding is-layout-constrained wp-block-group-is-layout-constrained\">\n<div class=\"wp-block-group has-white-background-color has-background is-layout-flow wp-block-group-is-layout-flow\">\n<p class=\"has-secondary-color has-text-color has-link-color wp-elements-aa4c6df61f11da51f3453726de32c4cf\">TRAINER &amp; ANSPRECHPARTNER<\/p>\n\n\n\n<h2 class=\"wp-block-heading has-primary-color has-text-color has-link-color wp-elements-b4c9a2cbc108c448383fd8005737a5c3\">Unser Team<\/h2>\n\n\n\n<div style=\"height:27px\" aria-hidden=\"true\" class=\"wp-block-spacer\"><\/div>\n\n\n\n<div style=\"height:0px\" aria-hidden=\"true\" class=\"wp-block-spacer\"><\/div>\n\n\n\n<div class=\"wp-block-columns is-layout-flex wp-container-core-columns-is-layout-28f84493 wp-block-columns-is-layout-flex\">\n<div class=\"wp-block-column is-style-default is-layout-flow wp-block-column-is-layout-flow\" style=\"border-style:none;border-width:0px;padding-top:0;padding-right:0;padding-bottom:0;padding-left:0\">\n<figure class=\"wp-block-image size-full is-style-default\"><img loading=\"lazy\" decoding=\"async\" width=\"740\" height=\"940\" src=\"https:\/\/jsg.svujo.de\/wp-content\/uploads\/2025\/08\/team2.jpg\" alt=\"\" class=\"wp-image-54\" srcset=\"https:\/\/jsg.svujo.de\/wp-content\/uploads\/2025\/08\/team2.jpg 740w, https:\/\/jsg.svujo.de\/wp-content\/uploads\/2025\/08\/team2-236x300.jpg 236w\" sizes=\"auto, (max-width: 740px) 100vw, 740px\" \/><\/figure>\n\n\n\n<h3 class=\"wp-block-heading has-primary-color has-text-color has-link-color wp-elements-0f767bb78a02e3d6a06e064d8879ca46\">Timo Hermanns <\/h3>\n\n\n\n<p>( Rinnen)<\/p>\n\n\n\n<p class=\"has-secondary-color has-text-color has-link-color wp-elements-1afe8905cea8b7ee6781e1302003b044\">JUGENDLEITUNG<\/p>\n\n\n\n<p class=\"has-primary-color has-text-color has-link-color wp-elements-2c0255257c86c0e2bb72cf201b74a77d\">This is some dummy copy. You\u2019re not really supposed to read this dummy copy, it is just a place holder for people who need some type.<\/p>\n\n\n\n<ul class=\"wp-block-social-links is-layout-flex wp-block-social-links-is-layout-flex\">\n\n<\/ul>\n<\/div>\n\n\n\n<div class=\"wp-block-column is-style-default is-layout-flow wp-block-column-is-layout-flow\" style=\"border-style:none;border-width:0px;padding-top:0;padding-right:0;padding-bottom:0;padding-left:0\">\n<figure class=\"wp-block-image size-full\"><img decoding=\"async\" src=\"https:\/\/jsg.svujo.de\/wp-content\/themes\/inspiro\/assets\/images\/team2.jpg\" alt=\"\" class=\"wp-image-7404\"\/><\/figure>\n\n\n\n<h3 class=\"wp-block-heading has-primary-color has-text-color has-link-color wp-elements-8a6ae933be083ac56303d7cc07743cfe\">Ron Behra<\/h3>\n\n\n\n<p>(S\u00f6tenich)<\/p>\n\n\n\n<p class=\"has-secondary-color has-text-color has-link-color wp-elements-b8280c40ae82865dd75eaf4905e86361\">TRIANER<\/p>\n\n\n\n<p class=\"has-primary-color has-text-color has-link-color wp-elements-2c0255257c86c0e2bb72cf201b74a77d\">This is some dummy copy. You\u2019re not really supposed to read this dummy copy, it is just a place holder for people who need some type.<\/p>\n\n\n\n<ul class=\"wp-block-social-links is-layout-flex wp-block-social-links-is-layout-flex\"><\/ul>\n<\/div>\n\n\n\n<div class=\"wp-block-column is-style-default is-layout-flow wp-block-column-is-layout-flow\" style=\"border-style:none;border-width:0px;padding-top:0;padding-right:0;padding-bottom:0;padding-left:0\">\n<figure class=\"wp-block-image size-full\"><img loading=\"lazy\" decoding=\"async\" width=\"740\" height=\"940\" src=\"https:\/\/jsg.svujo.de\/wp-content\/uploads\/2025\/08\/team2.jpg\" alt=\"\" class=\"wp-image-54\" srcset=\"https:\/\/jsg.svujo.de\/wp-content\/uploads\/2025\/08\/team2.jpg 740w, https:\/\/jsg.svujo.de\/wp-content\/uploads\/2025\/08\/team2-236x300.jpg 236w\" sizes=\"auto, (max-width: 740px) 100vw, 740px\" \/><\/figure>\n\n\n\n<h3 class=\"wp-block-heading has-primary-color has-text-color has-link-color wp-elements-4203d3510aaa346c4cc87f6c780b01e9\">Kevin Hopp <\/h3>\n\n\n\n<p>(Golbach)<\/p>\n\n\n\n<p class=\"has-secondary-color has-text-color has-link-color wp-elements-a93ee0e5d7006ca221f4e50c1fe331ad\">TRAINER &amp; MARKETING<\/p>\n\n\n\n<p class=\"has-primary-color has-text-color has-link-color wp-elements-2c0255257c86c0e2bb72cf201b74a77d\">This is some dummy copy. You\u2019re not really supposed to read this dummy copy, it is just a place holder for people who need some type.<\/p>\n\n\n\n<ul class=\"wp-block-social-links is-layout-flex wp-block-social-links-is-layout-flex\">\n\n<\/ul>\n<\/div>\n\n\n\n<div class=\"wp-block-column is-layout-flow wp-block-column-is-layout-flow\">\n<figure class=\"wp-block-image size-full\"><img loading=\"lazy\" decoding=\"async\" width=\"740\" height=\"940\" src=\"https:\/\/jsg.svujo.de\/wp-content\/uploads\/2025\/08\/team2.jpg\" alt=\"\" class=\"wp-image-54\" srcset=\"https:\/\/jsg.svujo.de\/wp-content\/uploads\/2025\/08\/team2.jpg 740w, https:\/\/jsg.svujo.de\/wp-content\/uploads\/2025\/08\/team2-236x300.jpg 236w\" sizes=\"auto, (max-width: 740px) 100vw, 740px\" \/><\/figure>\n\n\n\n<h3 class=\"wp-block-heading has-primary-color has-text-color has-link-color wp-elements-ca2a797fb9cac8e155fd0e8d843feac5\">Dominik P\u00fctz <\/h3>\n\n\n\n<p>(Sistig)<\/p>\n\n\n\n<p class=\"has-secondary-color has-text-color has-link-color wp-elements-83f448d0061d2c0e11be00f9dee8171b\">TRAINER <\/p>\n\n\n\n<p class=\"has-primary-color has-text-color has-link-color wp-elements-2c0255257c86c0e2bb72cf201b74a77d\">This is some dummy copy. You\u2019re not really supposed to read this dummy copy, it is just a place holder for people who need some type.<\/p>\n\n\n\n<ul class=\"wp-block-social-links is-layout-flex wp-block-social-links-is-layout-flex\">\n\n<\/ul>\n<\/div>\n<\/div>\n\n\n\n<div style=\"height:63px\" aria-hidden=\"true\" class=\"wp-block-spacer\"><\/div>\n\n\n\n<div class=\"wp-block-buttons is-content-justification-center is-layout-flex wp-container-core-buttons-is-layout-a89b3969 wp-block-buttons-is-layout-flex\">\n<div class=\"wp-block-button has-custom-width wp-block-button__width-50 is-style-outline is-style-outline--2\"><a class=\"wp-block-button__link has-background-color has-primary-background-color has-text-color has-background has-link-color wp-element-button\" href=\"#\" style=\"border-radius:0px\">SCHAU DIR ALLE AN<\/a><\/div>\n<\/div>\n\n\n\n<div style=\"height:81px\" aria-hidden=\"true\" class=\"wp-block-spacer\"><\/div>\n<\/div>\n<\/div>\n\n\n\n<div class=\"wp-block-cover alignfull has-parallax is-position-center-center\" style=\"border-radius:0px\"><div class=\"wp-block-cover__image-background wp-image-68 size-large has-parallax\" style=\"background-position:50% 50%;background-image:url(https:\/\/jsg.svujo.de\/wp-content\/uploads\/2025\/08\/jsg_feld-1024x683.png)\"><\/div><span aria-hidden=\"true\" class=\"wp-block-cover__background has-black-background-color has-background-dim-40 has-background-dim\"><\/span><div class=\"wp-block-cover__inner-container is-layout-flow wp-block-cover-is-layout-flow\">\n<div class=\"wp-block-group has-global-padding is-layout-constrained wp-block-group-is-layout-constrained\">\n<h3 class=\"wp-block-heading has-text-align-center has-text-color has-medium-font-size\" style=\"color:#fffffa;text-transform:uppercase\">MACH MIT !<\/h3>\n\n\n\n<p class=\"has-text-align-center\">Du liebst Fu\u00dfball, willst Teil eines echten Teams sein und gemeinsam mit anderen Spa\u00df haben, trainieren und wachsen? Dann bist du bei uns genau richtig! Ob du gerade erst mit dem Kicken anf\u00e4ngst oder schon ein kleiner Profi bist \u2013 bei uns in der JSG bist du herzlich willkommen! Ab den Bambinis bieten wir Kindern und Jugendlichen eine tolle M\u00f6glichkeit, Fu\u00dfball spielerisch zu lernen, Freundschaften zu kn\u00fcpfen und Teil eines echten Teams zu werden. Bei uns steht der Spa\u00df am Sport genauso im Mittelpunkt wie Fairplay und Teamgeist.<\/p>\n\n\n\n<p class=\"has-text-align-center has-white-color has-text-color\">Komm einfach zum Probetraining vorbei und werde Teil unserer Fu\u00dfballfamilie. Wir freuen uns auf dich!<\/p>\n\n\n\n<div style=\"height:31px\" aria-hidden=\"true\" class=\"wp-block-spacer\"><\/div>\n\n\n\n<div class=\"wp-block-buttons is-horizontal is-content-justification-center is-layout-flex wp-container-core-buttons-is-layout-03627597 wp-block-buttons-is-layout-flex\">\n<div class=\"wp-block-button is-style-outline is-style-outline--3\"><a class=\"wp-block-button__link has-white-color has-text-color wp-element-button\" href=\"#\" style=\"border-radius:0px\">MEHR INFORMATIONEN<\/a><\/div>\n<\/div>\n<\/div>\n<\/div><\/div>\n","protected":false},"excerpt":{"rendered":"<p>NEUIGKEITEN Latest News #LEIDENSCHAFT FUSSBALL Willkommen bei unserer Jugendsportgemeinschaft! Bei uns steht der Spa\u00df am Fu\u00dfball und das Miteinander im Vordergrund. Unsere Kinder und Jugendlichen trainieren regelm\u00e4\u00dfig und nehmen an &hellip; <\/p>\n<p class=\"link-more\"><a href=\"https:\/\/jsg.svujo.de\/\" class=\"more-link\">Mehr <span class=\"screen-reader-text\">\u00fcber &#8222;Homepage&#8220; <\/span>Lesen<\/a><\/p>\n","protected":false},"author":1,"featured_media":0,"parent":0,"menu_order":0,"comment_status":"closed","ping_status":"closed","template":"page-templates\/homepage-builder-bb.php","meta":{"footnotes":""},"class_list":["post-15","page","type-page","status-publish","hentry"],"_links":{"self":[{"href":"https:\/\/jsg.svujo.de\/index.php?rest_route=\/wp\/v2\/pages\/15","targetHints":{"allow":["GET"]}}],"collection":[{"href":"https:\/\/jsg.svujo.de\/index.php?rest_route=\/wp\/v2\/pages"}],"about":[{"href":"https:\/\/jsg.svujo.de\/index.php?rest_route=\/wp\/v2\/types\/page"}],"author":[{"embeddable":true,"href":"https:\/\/jsg.svujo.de\/index.php?rest_route=\/wp\/v2\/users\/1"}],"replies":[{"embeddable":true,"href":"https:\/\/jsg.svujo.de\/index.php?rest_route=%2Fwp%2Fv2%2Fcomments&post=15"}],"version-history":[{"count":38,"href":"https:\/\/jsg.svujo.de\/index.php?rest_route=\/wp\/v2\/pages\/15\/revisions"}],"predecessor-version":[{"id":125,"href":"https:\/\/jsg.svujo.de\/index.php?rest_route=\/wp\/v2\/pages\/15\/revisions\/125"}],"wp:attachment":[{"href":"https:\/\/jsg.svujo.de\/index.php?rest_route=%2Fwp%2Fv2%2Fmedia&parent=15"}],"curies":[{"name":"wp","href":"https:\/\/api.w.org\/{rel}","templated":true}]}}